site number?
False
Suppose -246 = -4*y + 178. Is y composite?
True
Suppose -2*i + 3*i = -u + 128, 3*i + 632 = 5*u. Is u composite?
False
Suppose -4*h - 39 + 1292 = -3*y, -h - y + 322 = 0. Is h a composite number?
False
Let g(y) = y**3 + 4*y**2 - 7*y + 12. Let k be g(-7). Let c(a) = -2*a**2 - 2*a. Let z be c(-2). Is (-2)/z - k/4 composite?
True
Let a(v) = -19*v - 10. Let i(s) = -6*s**2 - 2*s + 1. Let f be i(1). Is a(f) composite?
True
Let h = -4 + 16. Let n = -26 + 33. Let q = h + n. Is q a prime number?
True
Suppose 5*i = 2*f + 285, 3*i + 1 = -8. Let d = f - -335. Is d a composite number?
True
Let b(i) = i**3 + 7*i**2 - 8*i - 6. Let v be b(-6). Let c = 48 - v. Is (-1998)/c - (-2)/5 prime?
True
Let q = 7 - 11. Let h(r) = -r**3 + 4*r**3 - 5*r**3 - 6*r**2 + 5 - 3*r. Is h(q) prime?
False
Suppose -4 = 2*g - 3*g. Suppose 18 = g*i + 2. Suppose 4*o = i*v + 136 + 112, -2*v + 77 = o. Is o a prime number?
True
Let x be ((-10)/25)/(1/(-5)). Let g = 0 + x. Suppose -g*y = -6*y + 2*m + 890, 1 = m. Is y composite?
False
Suppose -8414 = -4*c - z, 3*c - 2*z - 6322 = 3*z. Is ((-2)/(-2))/(8/c) a composite number?
False
Let r(i) = 11*i**2 - 1. Let p be r(-1). Let w be 1248/p + (-4)/(-20). Let a = w - 72. Is a prime?
True
Suppose -4*t + 5*q + 17 = 0, 3*t + 2 = -4*q + 7. Let w = 14 + 53. Suppose 0 = -t*r + 4*r - w. Is r prime?
True
Let f(r) = r**2 + 8*r + 22. Is f(12) composite?
True
Let t = 7 + -14. Let a = 11 + t. Suppose -5*u = -4*q - 113, a*u + q - 103 = -0*q. Is u a prime number?
False
Suppose 2*p - 4*d = 30 + 64, -4*d + 221 = 5*p. Let k = p + -19. Is k a composite number?
True
Let i be (4/6)/(1/3). Let l(j) = 15*j**3 + 3*j**2 - 4*j + 3. Is l(i) a prime number?
True
Let d(j) = j**2 + j - 1. Let q be d(-2). Let w be (-1 + -1 + 1)/q. Is -5*w/((-2)/(-14)) prime?
False
Is (-1186)/(-10) + (-4)/(-10) a composite number?
True
Let y(c) = -c**3 - c**2 + c + 249. Is y(0) composite?
True
Suppose -3*c = -b - 4*b + 316, -2*b = 5*c - 145. Is b composite?
True
Suppose -5*i = 3 + 22. Let m(y) = 4*y**2 + 6*y + 4. Is m(i) prime?
False
Suppose -4*f + 1527 - 139 = 0. Is f a composite number?
False
Suppose -n - n + 230 = 0. Is n composite?
True
Let n(f) = f**3 - 3*f**2 + f + 1. Let m = 10 + -7. Let d be n(m). Suppose t - 338 = -d*r, 181 = 3*r + 3*t - 68. Is r a prime number?
False
Is (-6)/27 - 20121/(-27) prime?
False
Suppose 3*w - 3*j = 5802, -3*w + 7712 = w + 4*j. Is w a prime number?
True
Is ((-7 - -8)*-2)/((-4)/9026) prime?
True
Let v = -3 + 2. Let z be 0*(v - (-6)/4). Suppose 5*a = 5*l + 55, 4*a - l + 0 - 50 = z. Is a a prime number?
True
Is 5409/10 + (-2)/(-20) a prime number?
True
Let g(c) = 7*c**3 - 6*c - 6. Let b(u) = 6*u**3 - 5*u - 5. Let t(z) = -4*b(z) + 3*g(z). Let p be t(4). Let m = 75 - p. Is m a prime number?
True
Let u(r) = 297*r**2 - 5. Is u(4) a prime number?
False
Let u = -17 - -17. Let k(a) = -a**2 + a + 213. Is k(u) composite?
True
Let g = -13 + 8. Let y(h) = h**3 - 4*h**2 - 4*h - 3. Let v be y(5). Is v/(-10) - 166/g prime?
False
Let d be (2 - 92) + -4 - -1. Is -3 + 4*d/(-6) composite?
False
Is 48/32*(-136)/(-6) composite?
True
Let o(y) = 3*y**3 - 3*y**2 + 6*y - 35. Is o(7) a composite number?
True
Suppose 184 = u + 2*n, 2*u - 6*u + 716 = 3*n. Let m = u + -109. Is m composite?
False
Let d be (-20)/(-6) - (-4)/(-12). Suppose -d*g = -g - 44. Is g composite?
True
Suppose 5*k = 2*l - 27, 13 = 2*l - 4*k - 9. Is (0 - l)/((-3)/9) a composite number?
False
Let b(y) = -y**3 - 5*y**2 + 5*y + 7. Let x be b(-5). Let a be (x/4)/((-1)/86). Let d = -176 + a. Is d a composite number?
False
Let q be (0 + 14)/(6/(-6)). Let r be (-4486)/(-18) + q/63. Suppose 28 = t + 3*i - 37, -4*t - i = -r. Is t composite?
True
Suppose 3*f - 10 = -2*f. Suppose -f*d - 16 = -66. Is d a prime number?
False
Let h = 3 + -6. Let j be (4 - 2)*h/(-6). Is -1 - j - (-1 + -22) a prime number?
False
Let m = 899 + 774. Is m a prime number?
False
Let d = 4 + 0. Suppose 298 = 3*z - d*n, -n - 2*n = z - 82. Is z/4*(-14)/(-1) prime?
False
Let s(x) = -221*x - 16. Is s(-3) a prime number?
True
Let y be (-45)/(-10)*(-4)/(-3). Let k be 2/y - (-154)/6. Suppose 2*t - k = -0*t. Is t composite?
False
Let v(j) = j**2 - 3*j - 2. Let b be v(3). Let u = b - -3. Suppose -2*h + 11 - u = 0, h = 3*f - 64. Is f a prime number?
True
Suppose -5*q + 4*q - 3*b + 26 = 0, 2*q - 22 = 4*b. Suppose -n + 0*y + q = 5*y, -16 = -5*n - 2*y. Suppose n*r - 3*l = 27, 3*l = -3*r + 12 + 6. Is r composite?
True
Let d = 264 + 1469. Is d a composite number?
False
Is 8395/6 + 2/(-12) a composite number?
False
Let y = -368 + 201. Let p = y - -264. Is p composite?
False
Let o = -138 - -243. Let j = -192 + o. Is (-2 + j)/((-3)/3) prime?
True
Suppose 9*j = 4*j. Suppose j = -3*b + 17 - 2. Suppose h - b*p + 83 = 4*h, -h - 3*p = -25. Is h prime?
True
Let a be (-5)/(-2)*(-12)/(-10). Let b(z) = -a*z**2 + 1 + 16*z**2 + 0. Is b(-2) prime?
True
Let y be -21*(18/21)/(-1). Let a(j) = j**3 - 10*j**2 - 2*j + 12. Let p be a(10). Let q = y - p. Is q composite?
True
Let c = -11 + -20. Let h be 163/(-3) - 1/(-3). Let d = c - h. Is d composite?
False
Let t = -721 - -1518. Is t a composite number?
False
Is (-5 - (-1 + -1)) + 36 a prime number?
False
Let u(l) = -l**2 + 15*l - 5. Let t be u(15). Is 14904/40 - 2/t prime?
True
Let f(h) = h**3 + 6*h**2 - 10*h + 2. Let i be f(-6). Let x = i - -57. Is x a prime number?
False
Suppose 0 = -4*h + 1458 - 214. Suppose h = 5*j - 354. Is j a composite number?
True
Let p = -29 + -4. Let g = p - -68. Is g prime?
False
Suppose -250 - 4 = -2*y. Is y a prime number?
True
Suppose 0 = 7*f + 8895 - 50006. Is f prime?
False
Let w(j) = 2*j - 6. Let u be w(5). Suppose g = -5*a - 36, g = u*g - a + 140. Let c = g + 111. Is c prime?
False
Suppose -3*b + 2*b + 9 = 2*g, 35 = 5*b + 5*g. Suppose 4*q - 105 = b*w + 1025, -4*w + 293 = q. Suppose u + 4*u - q = 0. Is u a prime number?
False
Let r(j) = -j - 2. Let a be r(-2). Suppose 0 = -4*f - a*f + 184. Is f a prime number?
False
Let f be ((-1 - 1) + 2)/1. Suppose b + f*v + 5*v = 6, -5*b - 4*v + 30 = 0. Is -2 + 2/1*b a composite number?
True
Let m(l) = -38*l**3 - 2*l**2 - 2*l - 1. Let g(v) = v + 7. Let u = -4 + -4. Let s be g(u). Is m(s) a composite number?
False
Let i(m) = 144*m**2 - 2*m - 1. Is i(-1) a composite number?
True
Let n(j) = j**3 + 20*j**2 + 16*j + 15. Is n(-14) a prime number?
True
Let t(y) = 25*y**2 + y. Is t(1) a composite number?
True
Let j = 11 - 7. Suppose 0*g = 5*g - 2*b - 52, -j*b = 4. Is g a composite number?
True
Suppose 6*x - 6 = 3*x. Suppose -4 - 4 = -x*i. Suppose -2*a = -7*a + 25, -4*a - 64 = -i*k. Is k a composite number?
True
Let w be (1 - 2 - -2)*-8. Let d be (0 + 662)*(-4)/w. Suppose m - d + 26 = 0. Is m a prime number?
False
Suppose 16 = -h - 5*b, 4*h + 5*b + 3 = -1. Let n = -25 - -30. Suppose h*c + 219 = 3*j, 5*c + 0*c + 370 = n*j. Is j composite?
True
Suppose -2*a + 2*n = -3*n - 16, 2*a + 3*n = 0. Suppose a*i - 166 - 80 = 0. Is i composite?
True
Suppose -10 = -5*h - 0*h. Suppose h*u + u = 69. Is u composite?
False
Suppose 5*r + 382 = -z, -3*r - 2*z = -0*r + 232. Let p = r - -45. Let i = p + 52. Is i prime?
False
Suppose 3*x - 26 = -4*h, 2*h = 2*x + 7 + 13. Suppose -4*j - h = -144. Is j a prime number?
False
Let g(z) = z**3 + 10*z**2 - 3*z + 16. Is g(-10) composite?
True
Let x = 75 - 14. Suppose -4*m - 3*k = -3*m - x, -81 = -m + k. Suppose 4*r - 156 = -4*s - 0*r, r = -2*s + m. Is s composite?
False
Let y = -2109 + 4414. Is y a composite number?
True
Suppose -8*f = -9*f + 191. Is f composite?
False
Let x(a) = a + 10. Let q be x(-7). Suppose -6 = -q*z + z. Suppose -30 + 195 = z*h. Is h a composite number?
True
Suppose 2*s + 7829 = 3*y, -4*y + 6*y = 2*s + 5218. Is y a composite number?
True
Is (-2)/3 + 7091/21 a prime number?
True
Let j(o) = -42*o**3 + o**2 + 5*o + 1. Is j(-2) a prime number?
True
Suppose 4*p + 1 = -3. Let b = 18 - p. Is b a prime number?
True
Let x(t) = 6*t - 3. Let s(f) = -7*f + 2. Let m(c) = -5*s(c) - 4*x(c). Suppose -15 = -3*q - 2*q. Is m(q) a prime number?
False
Let j be (-3)/(18/(-4))*-9. Let u(p) = p**3 + 7*p**2 - 8*p - 1. Is u(j) composite?
False
Let b = 1 + 0. Is (b/3)/(1/339) a prime number?
True
Suppose -63 = 5*y - 183. Let k = y - -7. Is k a prime number?
True
Suppose -4*j - 13 + 41 = 0. Let a be (4/(-14))/((-1)/j). Suppose 6 = -a*z + 116. Is z a 